be v(i). Let n(x) = -x**3 + x. What is n(b)?
0
Let a(v) = 2*v**2 + 4*v - 1. Let r = 280 - 277. Determine a(r).
29
Let n(w) = 8 + 7 - 5 - w. Let q(g) = -9*g**2 + 155*g - 25. Let b be q(17). Give n(b).
1
Let s(k) = -k**2 - 6*k - 3. Suppose 6*n - 2*n + 5*r - 63 = 0, -n + 5*r + 47 = 0. Suppose -2*b = 28 - n. Determine s(b).
6
Let u = 11 + 10. Let q = 27 - u. Suppose 8 = q*r + 38. Let t(b) = -b**3 - 4*b**2 + 8*b + 3. Give t(r).
-12
Let y(p) = 178*p + 15. Let d(r) = -97*r - 8. Let o(z) = -11*d(z) - 6*y(z). Give o(-4).
2
Let c(a) be the third derivative of 0*a**4 + 0*a**3 - 5*a**2 + 0*a + 0 - 1/40*a**6 + 0*a**5. Give c(-1).
3
Let m be ((-19)/38)/((-2)/(-4)). Let d be -1*1/(2 - 1). Let i(n) = -4*n**2 + n + 1. Let z(s) = -s**2 - s. Let x(q) = d*i(q) - z(q). Determine x(m).
4
Let d(l) = 2 + 5*l**2 + 10*l - 4*l - 4*l**2. Suppose -7 + 1 = -3*f. Suppose 2*o + o - 23 = f*n, 4*o = -3*n + 8. What is d(n)?
-6
Let d(w) be the second derivative of 1/2*w**3 + 0 - w**2 + 5*w. Suppose -f + 5 = 0, 2*k - k - 4*f + 23 = 0. Give d(k).
-11
Let l(d) be the third derivative of 11*d**2 + 0*d**3 + 7/24*d**4 + 0 + 1/60*d**5 + 0*d. Determine l(-3).
-12
Let s(z) be the first derivative of -z**6/180 + z**5/24 + z**4/6 - 3*z**3 + 5. Let a(h) be the third derivative of s(h). Give a(4).
-8
Let p(u) = 5*u**3 - 2*u**2 - 2*u. Suppose -j - 4*x - 13 = -x, 2*j - 2*x - 14 = 0. What is p(j)?
28
Suppose -5*o + j - 1 = -4*o, 0 = -j - 2. Let i(v) = -2*v + 3. Determine i(o).
9
Let l = -22 + 25. Let m(n) = 4 + 2*n + 3*n**3 + 3*n**2 - 1 + 0*n**l. Give m(-2).
-13
Suppose -3*b - 2*b + 100 = -i, 0 = 2*i - 5*b + 180. Let d = i + 80. Let o(f) = -f**2 - f + 6. Calculate o(d).
6
Let s(h) = 5*h**3 + 7*h**2 - 7*h + 9. Let t(k) = k**3 - k + 1. Let m(b) = -s(b) + 6*t(b). Let f = 754 - 747. Determine m(f).
4
Let l = 20 + -12. Suppose -s = j - 4, 4*j = -2*s + 6 + l. Let v(u) = -s + 9*u + 1. Give v(1).
9
Let k(w) = -4*w - 2. Let x(g) = -2*g - 4. Let i(s) = -k(s) + 3*x(s). Determine i(5).
-20
Let w = 3 + -8. Let i(z) = z - 2. Let r be i(w). Let h(v) be the first derivative of -v**3/3 - 7*v**2/2 + 6*v + 11. Give h(r).
6
Let d be 130/5 - 3 - 3. Let w(y) = -2*y**3 - 3 - d*y**2 + 19*y**2 - y + y**3. Calculate w(0).
-3
Let y(s) be the second derivative of -s**5/60 + s**4/4 - 7*s**3/6 + 31*s**2/2 + 46*s. Let b(q) be the first derivative of y(q). Determine b(6).
-7
Let s(t) = -t - 1. Let w be (-50)/4 - (-9)/6. Let k = w - -18. Let r = 0 - k. What is s(r)?
6
Let l = 2 - -11. Suppose 19 = b + l. Let s(o) = 4*o**3 - 4*o - 7. Let j(c) = -7*c**3 + 7*c + 13. Let k(m) = b*j(m) + 11*s(m). What is k(1)?
1
Let b be -4*(-1)/1 - 7. Let d be -5*2/(10/b). Let a(h) = 9 + d*h - 4*h - 15. Give a(-5).
-1
Let d(f) be the second derivative of -f**4/12 + 7*f**3/6 + 5*f**2/2 - f. Suppose x - 26 = -3*l, 0 = l - 15*x + 11*x. Give d(l).
-3
Let m(i) be the third derivative of i**7/1260 - i**6/360 - i**5/120 - 2*i**4/3 - 18*i**2. Let w(l) be the second derivative of m(l). Give w(2).
3
Suppose -2*w + v + 18 = -2*v, 0 = -4*v - 16. Suppose -4*x = -o - 5, -w*x + 10 = -6*o + 4*o. Let i(f) = -f**3 + f**2 + f + 4. Give i(x).
4
Let s(h) = h**2 + 9. Let n(b) = 5*b - 1. Let u(g) = 9*g - 3. Let c(x) = 7*n(x) - 4*u(x). Let a = -14 - -19. Let p be c(a). Calculate s(p).
9
Let l(w) = 2*w**3 - 32*w**2 + 8. Let v be 27/6 + -4 - 248/(-16). Determine l(v).
8
Let j(r) be the first derivative of 29 + 5*r + 1/2*r**2. Determine j(-5).
0
Let w(a) = -a**2 - 4*a - 4. Let m be w(-2). Let n(v) = 2 + m - v + 1 + 0. What is n(0)?
3
Let o(u) = -2*u + 10. Suppose 158 + 1 = -3*i. Let n = i + 25. Let w = n + 35. Determine o(w).
-4
Let n(s) = -s**2 + 3*s + 5. Let m be 4/(-22) - 105/(-33). Let p = -3 + m. Suppose 2*k = -p*k + 10. Calculate n(k).
-5
Let w(d) be the first derivative of d**6/360 + d**5/15 - d**4/12 - 22*d**3/3 + 5. Let p(t) be the third derivative of w(t). Determine p(-9).
7
Let b(k) = -6*k. Let n(r) = -17*r + 3. Let u(x) = -3*b(x) + n(x). What is u(7)?
10
Let b be 98/(-18) + (-44)/(-99). Let o(w) = w. Determine o(b).
-5
Suppose -4 = f, -x - f + 22 = -6*f. Let v(w) = w**2 + w + 2. Determine v(x).
8
Let n(v) = v**2 + 2*v. Let b be n(6). Suppose 3*z = 4*w - b, -2*w = -6*z + 2*z - 34. Let m(l) = l**3 - 10*l**2 + 8*l + 4. Give m(w).
-5
Let d(t) = 3*t - 1 + t - 9*t + 8. Let b(o) = -o + 1. Let z(k) = -4*b(k) + d(k). Give z(6).
-3
Let l(c) be the third derivative of 0*c + 1/6*c**3 - 1/24*c**4 - 11*c**2 + 0 - 1/60*c**5. Suppose j - 2*m - 5 = 0, j + 3*m = 2*j - 7. What is l(j)?
-1
Let r(j) be the third derivative of -17*j**2 + 0*j - 1/120*j**6 - 3/8*j**4 + 1/5*j**5 - 8/3*j**3 + 0. What is r(11)?
6
Let g(j) be the first derivative of -5*j**3 - j**2/2 + 3*j + 11. Let k(u) = 7*u**2 + u - 1. Let f(c) = -6*g(c) - 13*k(c). Determine f(-6).
1
Let y = 288 - 285. Suppose 3 = 3*p - 0. Let b(w) = -w + w + y*w - p - 5*w. What is b(-4)?
7
Let o(d) = -2*d**2 - 68*d - 174. Let i be o(-31). Let s(r) = -2*r + 28. What is s(i)?
4
Let k(b) = b + 19. Let g be ((-221)/26)/((-2)/(-4)). Determine k(g).
2
Let y(n) = -n**3 - n**2 - 5*n. Let m = -73 + 78. Let a(s) = -s**2 - 6*s. Let d(f) = m*y(f) - 4*a(f). Give d(-1).
5
Let p be (1 - 1/(-2))*(-4)/(-2). Let d(t) = -7 - 47*t**p + 3 - 3*t + 48*t**3. Calculate d(3).
14
Suppose 0 = -2*a + 7 + 11. Let z(v) = v**3 - 9*v**2 - 3. Let q be z(a). Let c(u) = -u + 3. What is c(q)?
6
Suppose -p = -3*s - 3, -5 + 0 = p + 5*s. Let j(g) be the second derivative of 5/6*g**3 + p*g**2 - 3*g + 0. Calculate j(-1).
-5
Let a(w) = w + 14. Suppose -281 = -63*h - 1037. Calculate a(h).
2
Let d(c) be the second derivative of c**5/20 + 11*c**4/12 - 7*c**3/3 - 11*c**2 - 106*c. What is d(-12)?
2
Let r(x) = 2*x**2 - 3*x - 2. Let w be r(3). Suppose w = 6*b - 7*b. Let d(j) be the first derivative of j**2 + 9*j - 3. Give d(b).
-5
Let x(j) = j**2 - 4*j. Let n(w) = w**3 - 9*w**2 - 11*w + 14. Let p be n(10). Suppose 5*k = 11 + p. Suppose k*o - 3 = 9. Give x(o).
0
Let q(h) = -h**3 + 4*h**2 + 9*h + 19. Let f be q(6). Let d(w) = -35*w**2 + w. Give d(f).
-34
Suppose -i = i + 10. Let b(f) = f + 3. Let n(x) = -6*x - 15. Let v be ((-16)/(-4))/4 - -10. Let p(r) = v*b(r) + 2*n(r). Give p(i).
8
Let f(v) = 16*v**3 - v**2 - 2*v - 1. Let h be (-11)/1 - (-17 + 7). Determine f(h).
-16
Let z(r) be the first derivative of r**3/3 + 3*r**2/2 + 8*r + 4. Let m(w) be the first derivative of z(w). Suppose 4*x + 3 = -5. Determine m(x).
-1
Suppose -9*p + 4 = -5*p. Let i(u) = -8*u - p + 6 - u**2 + 0 + 3*u. Determine i(-5).
5
Let r(w) = -9*w**3 - 6*w**2 - 3*w + 1. Let k(i) = 7*i**3 + 4*i**2 + 2*i - 1. Let t(x) = 3*k(x) + 2*r(x). What is t(1)?
2
Let k(x) = -5*x**3 - 6*x**2 + 3. Let f(p) = -2*p**2 + p + 1. Let i(w) = f(w) - k(w). Give i(-2).
-28
Let t(h) = -h - 13. Let w = -437 - -454. Determine t(w).
-30
Let r(w) = 7*w + 14. Let u(n) = 8*n + 18. Let p(x) = 4*r(x) - 3*u(x). Let a be (0 - 2) + (2 - 4). What is p(a)?
-14
Let o(n) be the second derivative of -n**5/20 + 13*n**4/12 + n**3/6 - 4*n**2 + 421*n. Determine o(13).
5
Let f(k) = 35*k - 10. Let x(t) = -5*t + 1. Let d(i) = -f(i) - 6*x(i). Give d(0).
4
Let g(k) = -k**3 - 15*k**2 + k + 15. Let i be g(-15). Let r(s) be the second derivative of i + 5/2*s**2 + 1/6*s**3 - 6*s. What is r(0)?
5
Let g(t) = -2 + 0 + 1 + t + 4. What is g(9)?
12
Let k(g) = 21*g - 2. Let u(b) = -b**2 - 31*b + 3. Let c(y) = -7*k(y) - 5*u(y). Let d(w) = -14*w**2 - 23*w + 3. Let t(j) = -11*c(j) - 4*d(j). Calculate t(-3).
-4
Let d = 6 - 2. Let c = 9 + d. Suppose u + 6 = c. Let k(f) = -f + 8. Calculate k(u).
1
Let l(g) = g**3 + g**2 - g - 8. Suppose -24 = -5*m - a, 3*m + 0*a = -3*a + 24. Suppose v = -m*v. Give l(v).
-8
Let c(z) = -2*z**3 - z**2 + 2*z + 1. Let t be c(-2). Let f(d) be the third derivative of d**4/24 - 2*d**3 + 2159*d**2. Calculate f(t).
-3
Let y be (4/(-12))/(3/(-27)). Suppose -17 = 5*p + y. Let d(a) = -4*a + 3. Let n(t) = 3*t - 2. Let v(w) = p*d(w) - 5*n(w). Give v(0).
-2
Let c = -10 + 14. Suppose 6 = 5*i + 4*p, -c*i + 3*p + 12 = -p. Let y(d) = -d + 2 - 4*d**2 - 2*d**2 + 3*d**i. Give y(-2).
-8
Let f(b) = -b**3 - 2*b - 6. Let g be (0/8)/(1 - 0). Let c be f(g). Let o(y) = -y**3 - 5*y**2 + 3*y + 1. Give o(c).
19
Let x(s) = s + 7. Let z = -266 + 260. What is x(z)?
1
Let j(g) = -g**2 + 2364 + 18*g + 17*g**2 + 3*g**3 - 4*g**3 - 2368. What is j(17)?
13
Let w(l) = 2*l**2 + l + 2. Let b